e (-14)/5*(l + 6). What is the units digit of (-74)/p + 4/(-14)?
5
Let t(s) = -s + 1. Let n be t(4). Let m = -1 - n. Let u(a) = a**2 - 2*a + 1. What is the units digit of u(m)?
1
Let n(g) = -9*g + 9. What is the tens digit of n(-4)?
4
Let d(y) = -y**2 + 4*y. Let q be 9/(-6)*(-8)/3. Let m be d(q). What is the tens digit of (-18)/(-1) - (m - -2)?
1
Let s(o) be the third derivative of -o**4/24 + 5*o**3/6 - o**2. Let r be s(6). Let v(d) = -d. What is the units digit of v(r)?
1
Let l = -17 + 36. What is the units digit of l?
9
Let l = 608 + -317. What is the hundreds digit of l?
2
Let u(l) = 79*l + 30. What is the units digit of u(3)?
7
Let r = 50 + 50. Suppose 3*f = -0*f + 3*s + 93, -4*s = 3*f - r. What is the tens digit of f?
3
Suppose 2*u - 17 = -6*a + 3*a, 0 = -2*u - a + 11. Suppose 0 = -5*g + u*g + 1. Let p = 3 - g. What is the units digit of p?
2
Suppose 0 = 5*m - 5*q + 155, -m + 3*q - 5 - 16 = 0. Let b = 54 + m. What is the units digit of b?
8
Suppose 4*a - 91 = 325. What is the units digit of a?
4
Let f(v) = v**3 + 7*v**2 + 7. What is the tens digit of f(-6)?
4
Suppose 0*l + 4*o = 2*l + 24, -l - 3*o = -13. Let f(b) = -b - 1. Let k be f(-1). What is the units digit of 1 - -2 - (k - l)?
1
Let k(j) = j**3 + 8*j**2 - 11*j + 1. What is the tens digit of k(-9)?
1
Let l(g) = g**2 + 2. Let i be l(0). Let u = 7 + i. What is the units digit of u?
9
Let g(i) = -2*i**2 + 3. Let d be g(-3). What is the tens digit of (-5)/(d/(-96))*-1?
3
Let o = -8 + 12. What is the units digit of o?
4
Let h(u) = 13*u + 101. What is the hundreds digit of h(14)?
2
Suppose -35*h = -36*h + 15. What is the tens digit of h?
1
Let o be 34/8 - (-2)/(-8). What is the units digit of (o/8)/(2/12)?
3
Suppose -5*r = -b - 4, 4*r + 1 = -b - 3. Suppose -5*j + 3*t = t - 180, r = 2*j + t - 72. What is the tens digit of j?
3
Let x(k) = -k**2 - 14*k - 8. What is the units digit of x(-8)?
0
Suppose r = -3*q + 34, 48 = -3*r - q + 134. Let d = r + -17. Let l(t) = -t + 20. What is the units digit of l(d)?
9
Let y be (3 - 1)*(-9)/(-6). Suppose -4*b + y*w = -2*w - 76, 3*w = -3*b + 57. What is the tens digit of b?
1
Let y be (-8)/6 + 16/(-6). Let v(m) = -10*m**2 - m + 1. Let g be v(1). Let x = y - g. What is the units digit of x?
6
Let x(d) = -2*d - 6. Let k be x(-5). Suppose 0*j - 4*j = 4*n, k = -j - 2*n. Suppose j*h - 6 = h. What is the units digit of h?
2
Let r be ((-4)/6)/(2/(-6)). Let s(l) = 7*l - 1. What is the units digit of s(r)?
3
Let f(t) = 3*t. Let b be f(5). What is the units digit of ((-10)/b)/((-2)/15)?
5
Let h(r) = -r**3 - 6*r**2 - 2. Suppose 38 = -5*u - 4*k, -4*u + 0*u - k - 26 = 0. Let j be h(u). Let d(q) = -q**3 - q**2 + 2. What is the units digit of d(j)?
6
Let i = 90 - 53. What is the units digit of i?
7
Let f = -29 + 20. Let h = f + 16. What is the units digit of h?
7
What is the tens digit of ((-614)/(-4))/((-3)/(-6))?
0
What is the hundreds digit of 1230/8 - ((-45)/12)/(-5)?
1
Let n be -1 + 3/((-9)/(-6)). Let o be n - 1/(1 - 2). Suppose 2*a = -o*a + 20. What is the units digit of a?
5
Let i(v) = v - 1. Let w(p) = p**3 - 4*p**2 - 4*p. Let x(a) = -3*i(a) + w(a). What is the units digit of x(6)?
3
Let d(p) = 35*p**2 + 4*p + 3. What is the tens digit of d(-1)?
3
Let k(z) = z**2 - 1. Let n be k(0). What is the tens digit of 219/12 - n/(-4)?
1
Let x(m) = -m**3 - 5*m**2 - 4*m - 2. Let s(v) = v**2 + 7*v + 5. Let u(h) = h**3 + 6*h**2 + h + 1. Let k be u(-6). Let c be s(k). What is the tens digit of x(c)?
1
Let c(n) = -n + 1. Let y be c(-5). Suppose 2*q = 5*q - y. What is the units digit of q?
2
Let p(i) = -i**2 + 8. Let w be p(0). Let r(f) = -f**2 + 8*f + 8. What is the units digit of r(w)?
8
Suppose 6*j - 5*j - 68 = 0. What is the tens digit of j?
6
Suppose -3*k + 19 = -11. Suppose 5*i = k*i - 140. What is the tens digit of i?
2
What is the tens digit of 531/54 - 2/(-12)?
1
Let j be 1*2/2 + 24. Let v = 2 + j. What is the units digit of v?
7
Suppose -6 = y - 5*o, 4*y - 14 = -0*y + o. Suppose -y*g = -1 - 3. Suppose 3*j - 2 - g = 0. What is the units digit of j?
1
Let d(c) = c**2 + 9*c + 6. Let r be d(-7). Let n be 2/(-6)*(-1 + r). Suppose -3*b - n = -15. What is the units digit of b?
4
Suppose -2*u + 37 = -9. Let a = u + 8. What is the tens digit of a?
3
Let y(i) = -i**3 - 10*i**2 - 9*i + 6. Let m be y(-9). Suppose -m*j + j = -15. Suppose j*h - 40 = -h. What is the units digit of h?
0
Let g = 12 - -25. Suppose 3 = 5*n - g. What is the units digit of n?
8
Suppose -2*w = -5*q - 4*w + 19, 2*q - 22 = 4*w. Suppose q*k - 1 = 79. What is the units digit of k?
6
Let y = 6 + -6. What is the units digit of -1 + (3 + 0 - y)?
2
Let n be (-2 - -4)*(-9)/(-6). Let w = n - -24. What is the units digit of w?
7
Suppose 0*c + 392 = 3*c + m, 4*m = -2*c + 278. What is the hundreds digit of c?
1
Let w be 2 + 5/((-15)/(-9)). Suppose -3*f - 43 = -w*g, 4*g + 2*f = f + 31. Let x(s) = -s**3 + 7*s**2 + 10*s - 2. What is the tens digit of x(g)?
1
Let h be 53/5 + (-6)/(-15). Let t = h + -2. What is the units digit of 8/36 - (-7)/t?
1
Let t(m) = -m**3 - 2 - m - 29*m**2 + 36*m**2 + 4. What is the tens digit of t(6)?
3
Let u(t) = 48*t**3 - 2*t**2 + 1. What is the units digit of u(1)?
7
Suppose -27*s - 168 = -31*s. What is the tens digit of s?
4
Suppose 20 = -2*q + 2*j, -26 - 12 = 5*q - j. Let y = q - -10. Suppose y*b + 0 = 42. What is the tens digit of b?
1
Let b = -28 + 41. What is the tens digit of b?
1
Suppose 2*i = -0*x - 2*x, -5*i = -x + 18. Suppose -14 = d - x*d. What is the units digit of d?
7
Let g be (2/3)/((-2)/(-6)). Let r be 1 - 2/(-1)*1. Suppose -5*x + 30 = -r*k, -23 = 5*k + g. What is the units digit of x?
3
Let c(f) = f - 1. What is the units digit of c(2)?
1
Let k(b) = b**2 - 6*b - 2. Let s be k(6). Suppose 0 = -4*z + 2*y + 50, 75 = -0*z + 5*z - 5*y. What is the units digit of ((2 + z)/s)/(-1)?
6
Suppose 0*h = -3*h + 15. Let n(b) = 3*b - 2*b**2 + h*b**2 - b**2. What is the units digit of n(-3)?
9
Suppose z = -0 + 5. Let j = 3 - z. Let p(v) = -7*v. What is the units digit of p(j)?
4
Let q(g) = -g**3 + g + 19. Let x = -4 + 4. What is the units digit of q(x)?
9
Let l(x) = -40*x**3 + 3*x**2 + 10*x + 7. What is the units digit of l(-2)?
9
What is the tens digit of -1 + 20 + (9 - 12)?
1
What is the units digit of (180/(-175))/((-4)/(-10))*-21?
4
Let w = 75 + -125. Let h = -23 - w. What is the units digit of h?
7
Let z = 25 - -4. What is the units digit of z?
9
Suppose 4*t = 3*r - 6*r + 119, t + 4*r - 20 = 0. What is the tens digit of t?
3
Let g = -5 - -53. What is the units digit of g?
8
Let q = 1 - -2. Suppose 3*p + 13 = m, 0*m + 5*m - 65 = q*p. What is the tens digit of m?
1
Let y(c) = 5*c - 3. What is the units digit of y(6)?
7
Let y = -25 - -106. Suppose 0 = 2*q + q - y. What is the tens digit of q?
2
Let s(p) = -p**2 - 2*p + 3. Let h(t) = 4*t**2 + 6*t - 9. Let k(a) = 2*h(a) + 7*s(a). Let r = 18 + -21. What is the units digit of k(r)?
8
Suppose 0*l + 4*p + 6 = -l, 0 = 4*l + 4*p + 12. What is the units digit of (85 - 3)*(-1)/l?
1
Let r be -1*(0 - 1) - -1. Let s(f) = -f**2 + f**r - 2*f**2 + f**3 - 1 - f. What is the units digit of s(3)?
5
Let l(s) = -3*s + 44. What is the units digit of l(-19)?
1
Let i = 13 + -8. Suppose 3*d - 68 = i*y, -4*y = -y + 12. What is the tens digit of d?
1
Let i(z) = -7*z - 6. Let a be i(-10). Suppose o = 2 - 1, 0 = -2*v + 4*o + a. What is the tens digit of v?
3
Suppose -5 = -3*i + 4. Suppose 3*g - 211 = -5*d + 4*d, 5*d = -i*g + 215. Suppose 3*j - 8*j = -g. What is the tens digit of j?
1
Let b be 6*8/(-6) - -3. What is the units digit of (-16)/20*(b + 0)?
4
Suppose -2*k = 6, -2*c + 4*k + 95 = k. What is the tens digit of c?
4
Let q(u) = 226*u**2 + u + 1. Let y be q(-1). Suppose 3*k = 4*v + y, 0*k - 56 = v - k. What is the units digit of 4/(-18) - v/18?
3
Let s = 21 + -7. What is the units digit of (48/s)/((-16)/(-168))?
6
Let c = -98 - -166. What is the units digit of c?
8
Let v(t) = 3*t**3 + 2*t**3 - 3*t**3 + 3 - 4*t + t**2 - 3*t**2. What is the tens digit of v(3)?
2
Let z be 2/((8/5)/4). Suppose -2*x = -5*c - 9, z*c - c + 12 = 4*x. What is the units digit of 12 - x - 0/(-1)?
0
Let y(a) = -a**3 - 8*a**2 - 8*a - 6. What is the units digit of y(-7)?
1
Suppose 5*p + 5*m = 4*m + 42, -2*p + 10 = -3*m. Let d(x) be the first derivative of -x**4/4 + 3*x**3 - 9*x**2/2 + 10*x - 3. 